Let z(o) = -o**2 - 9*o + 22. Suppose -3*u - 4*m + 25 = 0, 3*u - m - 5 = -0*u. Let j(q) = q**2 - 9*q + 7. Let v be j(u). Determine z(v).
0
Suppose 0 = 4*t, 5*c - 2*t - 3*t = 20. Let q be (0 - 1) + 1 + c. Let k(w) = w**2 - 7*w + 7*w**2 - q - 7*w**2 + w**3 - 6*w**2. Determine k(6).
-10
Let p(w) = -w**3 - 8*w**2 + 30*w + 192. Let q be p(-9). Let g(j) be the first derivative of j - 9 + 1/3*j**q - 7/2*j**2. Give g(6).
-5
Let l(v) be the third derivative of 17*v**4/24 + 13*v**3/3 - 2*v**2 + 6*v + 69. What is l(-5)?
-59
Let t(w) = -5*w - 3. Suppose -34 = -13*h + 31. Suppose -h*z = 108 - 93. What is t(z)?
12
Suppose -k + 2*k = x - 2, -4*x + 9 = -5*k. Let b(p) = 0 - 1 - 312*p**2 - p + 313*p**2 + 8*p**3. What is b(k)?
-7
Let i(o) = 2*o + 7. Let p(b) = 4*b + 13. Let y(t) = -13*i(t) + 6*p(t). Let r(f) = -86*f + 26*f + 26*f + 32*f - 13. Let w(n) = -4*r(n) + 3*y(n). Determine w(-9).
-5
Let o(x) = -4*x**2 + 470*x + 7 - 462*x + 5*x**2. Determine o(-6).
-5
Let d = 2074 - 2069. Let z = 21 - 19. Let t(s) = 6 - 95*s + 91*s + 4*s**z - 3*s**2. Calculate t(d).
11
Let z(t) = -28*t - 3509. Let v be z(-125). Let n(g) = 2*g**3 + 18*g**2 - 5*g - 20. What is n(v)?
25
Let f(v) = 74*v + 12. Let x(k) = 37*k + 6. Let j(y) = -6*f(y) + 11*x(y). Let q(u) = 13*u + 2. Let z(g) = -4*j(g) - 11*q(g). Give z(2).
12
Let s(x) = -x**3 - 7*x**2 + 12*x + 1. Let l be 474 + (10/4 - (-4)/8). Suppose 472*z - 40 = l*z. Determine s(z).
-31
Suppose 61*r - 71*r + 80 = 0. Suppose -r*y + 19*y - 33 = 0. Let t(z) = -z**3 + 0*z**2 + 4 + 3*z**2 + 5*z - 4*z. Determine t(y).
7
Let a be (-20)/(-20)*49 - 18. Let h(p) be the third derivative of 1/24*p**4 + 5/6*p**3 + 0*p - a*p**2 + 0. Determine h(-6).
-1
Suppose 2*c - 10 = i, -i = 4*c + 118 - 126. Let l(h) = 10*h + 61. Calculate l(i).
21
Let t(f) be the first derivative of -8*f - 7/2*f**2 - 1/3*f**3 - 50. Give t(-6).
-2
Suppose 0 = 5*s - i - 1169, -13*s + 8*s = 3*i - 1153. Let n = -225 + s. Let w(q) = q**3 - 8*q**2 + q + 4. Determine w(n).
12
Suppose 42*n - 18 = 40*n. Let i be -10*(n/(-6) - -1 - -1). Let l(c) = 0 + 134*c**2 - 65*c**2 - 68*c**2 + 5*c - 1. Determine l(i).
-1
Let d(f) be the second derivative of -f**5/20 + 5*f**4/12 - 5*f**3/3 + 5*f**2 - 12*f + 3. Let v be d(2). Let h(j) = j**2 + 3*j - 3. Give h(v).
7
Let a(j) be the second derivative of j**3/6 + 19*j**2/2 + 9*j. Let q = 13567 + -13587. Determine a(q).
-1
Let c(r) = 19*r + 78. Suppose 4*u + 9 - 3 = 2*w, 0 = 5*u + 5*w + 30. Calculate c(u).
21
Let h(a) = 5 + 5 + 552*a - 533*a - 3. Determine h(-1).
-12
Let z be (-5 - -10)*2/((-4)/10). Let n = z + 34. Let q(o) = -17 + o**2 + n + 7 + 4*o. What is q(-2)?
-5
Let u(q) = -q**2 + 54*q - 105. Let i be u(2). Let r(c) = 27*c + 7. Calculate r(i).
-20
Let j(w) = -w**2 - 4*w + 1. Suppose -m - 54 = -2*d, m + d + 39 = -0*m. Let u = 105 + -65. Let p = u + m. Give j(p).
1
Let q(h) = 3*h**3 - 5*h**2 - 7*h. Let a(k) = 10*k**3 - 16*k**2 - 22*k - 1. Let t be 2*7*(-2)/4. Let y = -5564 - -5566. Let c(f) = t*q(f) + y*a(f). Give c(5).
-27
Let l(y) = -294*y - 21. Let z be l(-5). Let t(b) = z*b**2 - 3 - 1448*b**2 + 10*b - 7. What is t(-10)?
-10
Let f be 14*3/(-6)*(-18)/189*6. Let m(l) be the second derivative of 1/2*l**f + 1/2*l**2 + 0*l**3 + 0 - 21*l. Give m(-1).
7
Suppose t = 17 - 1. Suppose t*a = -a + 85. Let f(q) = q**3 - 5*q**2 - 6. What is f(a)?
-6
Let v(s) = 2*s**2 - 13*s + 10. Let o = -1054 - -1059. What is v(o)?
-5
Let l(j) = -3*j - 1. Let d(v) = -4*v**2 + 8*v - v**2 + 2*v**2 + 2*v**2 + 12. Let n be d(9). Suppose 15 = 4*p - n*h, p - 3*h + 0*h = 6. Give l(p).
-10
Let r be 5/(30/24 + 942/(-760)). Let p = r - 478. Let s(u) = u**2 - u - 4. Determine s(p).
8
Suppose 1060*w = 1053*w - 84. Let j(z) = z**3 + 10*z**2 - 25*z - 18. What is j(w)?
-6
Let y be 1/(154/(-28)) + (-423)/33. Let d(p) = -49*p**3 - 52*p**3 - 43*p**3 - 9 + 145*p**3 + 12*p**2 - 15*p. Calculate d(y).
17
Let c(l) = 15*l + 81. Suppose -41*g - 334 = -47. Calculate c(g).
-24
Suppose -4*w = m - 282, -w = -0*w + 3*m - 76. Let b = 75 - w. Let q(z) = b + 4*z - 6*z + 6 - 10 + z**2. Give q(4).
9
Let w(d) = -9*d**2 + d + 2. Let r = -542 - -544. Give w(r).
-32
Let x(i) = 37*i**3 - 2*i**2 - 4*i - 4. Let k be x(-1). Let o be 26/k + 51/9. Let j(l) = -l**2 + 2*l + 7. Determine j(o).
-8
Suppose 0 = 2*b + 4*x - 18, 0 = -b + 8*x - 15 - 26. Let k(s) = s + 0*s + 3 + 16*s**2 - 2. What is k(b)?
16
Let g(k) = -10*k**3 + 56*k**2 - 160*k + 31. Let x(n) = 3*n**3 - 19*n**2 + 53*n - 11. Let a(q) = -4*g(q) - 13*x(q). What is a(-25)?
-6
Let b(w) = w**3 - 5*w**2 + w. Let s(o) = 4*o**3 - 16*o**2 + 2*o - 1. Let t be 5*(-4)/(-5) - -3. Let d(l) = t*b(l) - 2*s(l). Give d(-3).
-7
Suppose -22*u = -23*u - 1. Let w(k) be the first derivative of k**3 + k**2/2 - 304. Give w(u).
2
Let f = -724 - -736. Let m be ((-30)/f - -5) + 2/4. Let k(c) = -c**3 + 2*c**2 + 3. Determine k(m).
-6
Let t(z) = z**2 + 26*z - 27. Let r be t(1). Let j(c) be the third derivative of 1/6*c**3 - 16*c**2 + 0*c + r + 1/24*c**4. What is j(4)?
5
Let k(b) be the second derivative of b**5/2 + b**4/6 - 2*b**3/3 + b**2/2 + 1182*b - 2. Give k(1).
9
Let n = -92 + 105. Let v(i) = 2*i - 3*i + 4*i + 6 + n. Determine v(-9).
-8
Let s(w) = 8*w + 115. Let j(k) = k**2 - 53*k + 578. Let o be j(16). What is s(o)?
3
Let w = -349 + 346. Let y(r) be the first derivative of r**4/4 + 2*r**3/3 - r**2/2 - 3*r - 49. Determine y(w).
-9
Let u(y) = y**3 + 9*y**2 + y + 14. Let o(s) be the second derivative of -s**5/20 - s**3/6 - s**2/2 - 2*s + 42. Let c(k) = 2*o(k) + u(k). Give c(9).
3
Let c(f) = f - 12. Let p(q) = -2*q**3 - 4*q**2 - 12*q - 4. Let r be p(-2). Let v be (-8)/r*(18 - -2). Let n = 19 + v. What is c(n)?
-1
Let q(n) be the third derivative of -n**5/30 + 17*n**4/12 + 20*n**3/3 + 829*n**2. What is q(18)?
4
Let b(z) = -6*z**3 + 17*z**2 + 5*z - 3. Let q(i) = -11*i**3 + 33*i**2 + 10*i - 6. Let k(p) = -7*b(p) + 4*q(p). What is k(7)?
-17
Let u(m) = 9*m - 1. Let o(p) = p. Let c be o(0). Let x be (26 - 21)*8/20. Suppose -q = -2*n + 1, -2*q + c*n = -3*n + x. Calculate u(q).
-10
Let q be (6/(-9))/((-4)/(-132)). Let g = q - -29. Let z(o) = 0*o**3 + 3 - g - o + 2*o**2 + o**3. Give z(-3).
-10
Let s(k) be the third derivative of k**6/120 - k**5/60 - k**4/24 + k**3 - 10448*k**2 - 1. Let i be 0 + 0/(-1 - 0). Calculate s(i).
6
Let u(k) be the second derivative of -k**6/120 - k**5/12 - k**4/8 - 7*k**2 + 6*k + 2. Let t(l) be the first derivative of u(l). Give t(-5).
15
Suppose 0 = -s + 9*s + 40. Let x be ((-2)/(-2))/(s/(-40)). Let k(y) = -y**2 + 9*y - 4. Give k(x).
4
Suppose 91*x - 50*x = 61*x - 120. Let i(b) = 20*b - 114. What is i(x)?
6
Let w be 12/(-42) - (-80)/35. Let j(l) = 0*l + 0*l**w - 7*l + l**3 - 5*l - 10*l**2. Calculate j(11).
-11
Let u(c) be the third derivative of c**7/5040 + c**6/48 - c**5/30 + c**3/2 - 45*c**2. Let l(i) be the third derivative of u(i). Determine l(-9).
6
Let u(q) = -15*q - 2. Let h(d) = 58*d - 84. Let v(p) = -3*h(p) - 12*u(p). Give v(-47).
-6
Let j(r) = 2*r + 3. Let m(a) = a**3 - 11*a**2 - 8*a - 45. Let n be m(12). Let h(x) = -x**2 - 4*x + 25. Let w be h(n). Determine j(w).
11
Let p(b) = -b**2 + 21*b - 68. Let j be -9 - (73/(-6) - (-40)/(-48)). Calculate p(j).
0
Let c(h) = 30*h**3 - 108*h**2 + 6*h + 144. Let b(a) = -11*a**3 + 38*a**2 - 2*a - 48. Let t(u) = 11*b(u) + 4*c(u). Give t(-14).
20
Let y(a) = 2*a**3 - 3*a**2 + 125. Let b be y(0). Suppose 78*j - 103*j = -b. Let r(v) = -v**2 + 5*v - 9. What is r(j)?
-9
Suppose -9 = 5*p - 44. Let q(k) = 24 + 11*k - 21*k + 11*k - 31. Give q(p).
0
Let m(v) = 7*v + 79. Let s(i) = -i**3 - 4*i**2 + 33*i - 4. Let l be s(-8). What is m(l)?
-5
Let g(m) = -m - 7. Suppose 0 = -x - 5 + 2, -5*h + 3*x = -9. Suppose h = -4*o - 88 + 32. Give g(o).
7
Suppose -11*t - 7 = 9 + 17. Let n(m) = -m**3 - 2*m**2 - 7*m - 30. Determine n(t).
0
Let g(z) = -2*z - 8. Let k be g(-4). Suppose 31*a - 26*a = k. Let c be -15 - -17 - (a + 7). Let d(y) = y - 2. Give d(c).
-7
Let i(p) = -1087 + 2180 + p - 1097 - 3*p**3 - 9*p**2. Give i(-4).
40
Let p(q) = q**2 + 8*q + 7. Let a = -9521 + 9516. Determine p(a).
-8
Let m(z) = 12*z - 89. Let f = -30721 - -30732. Calculate m(f).
43
Let l be (26 - (-5148)/(-208)) + (37/(-4) - 0). Let m(t) = 2*t + 4. What is m(l)?
-12
Let l(n) = n**2 + 9*n + 15. Let r(b) be the first derivative of -b**3/3 + b**2 + 41*b - 77. Let h be r(-6). What is l(h)